ose 0*m + 36 = -c*m. Let y(t) = -3*t - 8. Determine y(m).
10
Suppose -2*k + 14 = 5*k. Let q(y) = -y - 1 + 25*y**2 - 2*y**3 + 22*y**2 - 44*y**2. Determine q(k).
-7
Let t(p) = -7*p**2 + 37*p - 27. Let r be t(1). Let f be 4/(-12) + (-30)/(-9). Let n(b) = -3*b + 0 + f - 2. Determine n(r).
-8
Suppose 0 = -4*n + 6*n - 24. Suppose 5*v - n = v, -2*u + 25 = -v. Let r(b) = -18*b - 18*b + u + 35*b. Determine r(0).
14
Let o(m) be the second derivative of -m**5/15 - m**4/24 + 67*m**3/3 + 77*m. Let r(i) be the second derivative of o(i). Let u be 2*(2 - 1 - 0). Calculate r(u).
-17
Let x be (-18)/(-126) + (-222)/(-14). Let r(c) = 7 - 6 + x*c**2 + 2*c**2. What is r(1)?
19
Let o be 6/(-26) - 20251/(-1001). Let l(j) = -j**2 + 17*j + 22. Determine l(o).
-38
Let t(a) = 81 - 10*a - 86 - 20*a**3 - 8*a**2 + 19*a**3. Determine t(-6).
-17
Suppose q - 16 = -5*g, 4 = -q + 5*q. Suppose -g*o + 2*z - 1 = -10, -4*o = 4*z + 8. Let v(u) = o + 14*u + 10 - 4*u - u**3 - 8*u**2. Give v(-9).
2
Let q(y) = 5*y**2 - 106*y - 55. Let d(n) = 2*n**2 - 37*n - 19. Let r(p) = -17*d(p) + 6*q(p). What is r(-1)?
-4
Let v be (-78)/182 + (-45)/(-7). Let k(d) = v*d**2 + 6*d + 0*d + 143 + d**3 - 137. What is k(-4)?
14
Let w(f) = 1 + 6*f + 3*f**2 + 0*f - 3*f. Let g = 127 - 106. Suppose -32 - 31 = g*v. Calculate w(v).
19
Let m be ((-1)/(-3))/(10823/(-2466) + 9/2). Let n(t) be the first derivative of -16 + 2/3*t**m - 3/2*t**2 - 4*t. Give n(3).
5
Let q(c) = 3*c**3 + 99*c**2 + 26*c - 197. Let s(x) = -x**3 - 33*x**2 - 6*x + 66. Let t(y) = 3*q(y) + 8*s(y). Determine t(-32).
1
Let r = 11 - 7. Let q be (4 + -1)*r*(-4)/(-24). Let c(h) = -q + 643*h - 643*h - h**2. Determine c(0).
-2
Let l(o) = -o**2 + 8*o - 5. Let y(w) be the second derivative of w**4/12 - w**3/6 + w**2 - 4*w. Let g be y(0). Let z be g/8*2*(14 + 2). Calculate l(z).
-5
Let x(g) = -g**2 + 4*g + 2. Let r(l) = -5*l + 16. Let p be r(2). Suppose 4*q + 5*h - 8*h - 26 = 0, -3*h - p = 0. Give x(q).
-3
Suppose z + 3 = 0, -3*d = -3*z - 84 - 21. Suppose -10 = -r - 2*s, s = -9*r + 4*r + d. Let q(g) = -g + 6. Calculate q(r).
0
Let w(i) = i**3 - 2*i**2 + 2*i - 1. Let y(a) = 2*a - 26. Let v be y(20). Suppose 3*p = p - 5*h - 7, 2*h + v = 2*p. Let b be ((-24)/(-36))/(p/6). Calculate w(b).
0
Let y(t) = 160*t**2 - 14 - 82*t**2 - 79*t**2 - 302*t + 310*t. Give y(7).
-7
Let l(d) = -25 - 21 + 3*d + 113 - 16 - 20 - 24. Suppose -h - 2*h = 9. Let w be h/(-3) - 12/2. Determine l(w).
-8
Let x(o) = -94*o + 6. Let z be x(0). Let b(g) = -64*g + 384. Calculate b(z).
0
Let y(h) = -45 + 43 - 4*h + 2 + h**2. Suppose -4 = -6*b + 2*b - 2*k, 0 = -4*b + 5*k + 32. Suppose 0 = -b*f + 5 + 7. Give y(f).
0
Let z(v) = -4*v**3 - v**2 - 3*v - 12. Let t(a) be the first derivative of 5*a**4/4 + 2*a**3/3 + 3*a**2/2 + 15*a + 71. Let c(q) = 3*t(q) + 4*z(q). Give c(3).
-21
Let i(p) = 488*p - 1473. Let u be i(3). Let y(j) = -j**3 - 8*j**2 - j - 84. Calculate y(u).
6
Let l(w) = 14*w**3 - 6*w**2 + 3*w. Let j(u) = 19*u**3 - 6*u**2 + 2*u. Let b(o) = -3*j(o) + 4*l(o). What is b(-7)?
7
Let y(j) = 34*j + 87. Let v(o) = 83*o + 216. Let g(d) = 5*v(d) - 12*y(d). Determine g(-14).
-62
Let k(i) = i**3 + 8*i**2 - 10*i - 3. Let t = 2177 - 2186. Calculate k(t).
6
Let b(x) = -5*x**2 + 16*x + 1. Let d be b(5). Let i(a) = 24*a - 22. Let v(q) = q - 1. Let r(f) = d*v(f) + 2*i(f). Determine r(-1).
-4
Let x be ((-10)/8 - 0)*(-336)/70. Let m(u) = -u**2 + 14*u - 43. Determine m(x).
5
Let x(n) = -n + 9. Let u be x(6). Let p(f) = -u*f + f - 2 - 6*f + 3*f. Suppose 3*k = c + c + 20, 2*c - 4 = -3*k. Determine p(c).
18
Let m = -42 - -31. Let z = m - -16. Let f(j) = -8 - 5 + j + z. What is f(6)?
-2
Let b(z) be the first derivative of 7/3*z**3 + 2 + 2*z**2 + 1/4*z**4 + 8*z. Suppose 0 = 44*s - 29*s + 90. Give b(s).
20
Let a(b) = -b**3 - 5*b**2 - 5*b + 4. Suppose -23*x - 13 = -10*x + 26. Calculate a(x).
1
Suppose 95*u - 94*u + 4 = 0. Let g(w) be the third derivative of 0*w + 0 + 1/30*w**5 - 6*w**2 + w**3 + 1/4*w**4. Give g(u).
14
Suppose -5*y + 10 = 5*l, 5*y - 6 = -2*l + 1. Let n(k) = 7*k**2 - 16*k + 10*k + 2*k - 6*k**2 + y. Determine n(4).
1
Let p(c) = -c. Let g = 42 - 113. Let h = g + 73. Let f be h - (14/4 - (-13)/(-26)). What is p(f)?
1
Suppose 2*k - 7 = -69*f + 68*f, -k + 4*f + 8 = 0. Let n(x) = x**3 - 9*x**2 + 23*x - 4. Determine n(k).
8
Suppose -4 = 3*a - 1. Let m(u) = -215*u - 771. Let d(t) = 35*t + 125. Let n(z) = -37*d(z) - 6*m(z). What is n(a)?
6
Let y(l) = -19*l**2 + 40*l + 14. Let k(f) = -3*f**2 + 4*f - 1. Let b(i) = -6*k(i) + y(i). Calculate b(18).
-16
Let j(s) be the second derivative of 0 + 1/6*s**3 - 9*s + 1/3*s**4 - 1/20*s**5 + 1/2*s**2. Determine j(4).
5
Let l(b) = 103*b + 4. Let a(y) = 3858*y + 150. Let i(o) = 2*a(o) - 75*l(o). Let r(s) = s**3 - s**2 + 1. Let h be r(1). Calculate i(h).
-9
Let r(h) = -h**2 + 20*h + 1. Let b(u) = u**2 - 38*u + 339. Let v be b(25). What is r(v)?
85
Let h(l) = -l**3 + 8*l**2 - 7*l + 6. Suppose -52 = -3*z + 2*z. Let i(n) = -5*n + 62. Let p be i(11). Suppose p = -51*q + z*q. What is h(q)?
6
Let s(p) = 3*p + 13. Let j(k) = k + 17. Let o(m) = 3*j(m) - 2*s(m). Give o(5).
10
Let b(r) = 36*r + 542. Let c be b(-15). Let g(m) = -m**3 + 3*m**2 + 3*m - 3. Determine g(c).
7
Let d be 2682/(-745) + (9/15)/1. Let p(a) = -a**3 - 6*a**2 + 5*a + 35. Calculate p(d).
-7
Let r(p) = -84 + p**3 - 2*p**2 - 14*p + 11*p**2 + 54. Give r(-10).
10
Let x(w) = -12*w - 41. Let h(r) = -31*r**2 + 217*r - 4. Let s be h(7). Give x(s).
7
Let d(o) = 119*o**3 + 5*o**2 + 30*o - 99. Let x(v) = 95*v**3 + 5*v**2 + 29*v - 99. Let k(g) = 4*d(g) - 5*x(g). Give k(6).
-15
Let x = 80 + -51. Let h be -6 + x/(-29) + 2 + -1. Let r(g) be the first derivative of -g**3/3 - 4*g**2 - 4*g - 1. What is r(h)?
8
Let i(f) = f**2 + f**3 + 7*f - 1 - 5*f**2 + 7*f**2 + 4*f**2. Let j(q) = -2*q**2 + 41*q - 111. Let y be j(3). What is i(y)?
-7
Let q(g) = g**3 - g**2 - 2*g + 1. Let j(y) = 5*y**3 + 2*y**2 - 4*y - 1. Let c(w) = -j(w) + 6*q(w). Determine c(9).
16
Let y(h) = 71*h**2 + 3*h - 3. Let g be y(2). Let v = g - 296. Let k(m) = m**2 + 9*m - 6. Determine k(v).
-6
Let i(u) = u**2 + 63*u - 1866. Let f be i(-85). Let k(a) = 110*a - 447. Determine k(f).
-7
Let t(a) = a + 2. Let f(m) = -17*m**2 - 3*m + 3. Let s be f(2). Let y = -78 - s. Give t(y).
-5
Suppose 167*y + 2233 = -140*y + 698. Let x(f) = -f**3 - 3*f**2 + 2*f - 11. What is x(y)?
29
Let i(g) be the first derivative of g - 38 + 14/3*g**3 + g**2 + 7/4*g**4. Let a(h) = -3*h**3 - 7*h**2 - h. Let z(j) = 5*a(j) + 2*i(j). Give z(-7).
9
Suppose -5*j + 75 = -2*m, 2*j - 3*m - 137 = -118. Let h(w) = 378*w + 384*w + j - 760*w. Give h(-7).
3
Let t(y) = 14*y + 32. Let r(g) = 15*g + 23. Let p(h) = 4*r(h) - 3*t(h). Determine p(0).
-4
Let o(j) = 5*j**2 - 4*j - 2*j**2 - j**3 + 3*j**2 + 3. Let m be (5 - -1) + (55 - 32 - (16 + 8)). Give o(m).
8
Let w(d) = 5*d + 8. Let f(u) = -16*u - 64. Let o(c) = -9*c - 32. Let q(a) = -6*f(a) + 13*o(a). Let g(k) = -2*q(k) - 9*w(k). Give g(-6).
10
Suppose -2*g = -5*a - 394 + 215, 2*a = 4*g - 62. Let x(o) = -10*o - 367. Calculate x(a).
3
Let s(q) be the third derivative of q**4/12 - 9*q**3/2 + q**2 - 44*q + 18. What is s(18)?
9
Let p(b) = -7*b - 7. Let t(c) = 19*c + 19. Let s(j) = -2*j**3 + 14*j**2 - 3*j + 13. Let h be s(7). Let k(f) = h*p(f) - 3*t(f). Let m = 6 + -12. Calculate k(m).
5
Let i be 1 - -23 - (-1 + 2). Let a(z) = -i*z + 33*z - 9*z. Let o(j) = -3*j - 2. Let d be o(-3). Determine a(d).
7
Let f(b) be the third derivative of 7*b**5/60 + b**4/12 + b**3/6 + 6*b**2. Let d be f(-1). Let y(t) = 8*t - 2*t - 4*t + 2*t**2 + d + 4*t. What is y(-4)?
14
Let c = 2423 + -2418. Let g(w) = -w**2 + 12*w - 44. Determine g(c).
-9
Let r(f) = -22 - 12*f + 5*f + 10*f + 21 + 40. Give r(-16).
-9
Let x(p) be the first derivative of 4*p**4 + p**3/3 - p - 123. Let w = 67 - 52. Let a be 4/(-5) + ((-3)/1)/w. Calculate x(a).
-16
Let c = 1211 + -1208. Let a(u) be the second derivative of -3/2*u**c + 1/12*u**4 + 2*u**2 + 0 - 11*u. Determine a(8).
-4
Let p(v) = 4192*v + v**2 + 4194*v - 3 - 12584*v + 4195*v. Let d(s) = s**3 - 5*s**2 - 7*s + 2. Suppose -x + 9 = 3. Let k be d(x). Give p(k).
25
Let t = 75 - 52. Let k(i) = t + 54*i**2 - 53*i**2 + 7*i - 4*i + 8*i. Calculate k(-7).
-5
Let p(y) = 4*y**2 - 33*y + 7. Let j(c) = 5*c**2 - 44*c + 8. Let t(f) = -3*j(f) + 4*p(f). Calculate t(3).
13
Let w = 13 - 1